01 + 89. Let b(t) = t**3 + 14*t**2 + 25*t + 8. Let h be b(i). Calculate j(h).
-26
Let a(f) be the first derivative of 250 + 0*f**2 - 6*f + 1/4*f**4 + 1/3*f**3. Let l be (0/((-1)/(-1)))/(-2). Give a(l).
-6
Let u(q) = -2*q**2 - 13*q + q**2 - 9 + 2*q. Let a(n) = -15*n + 125. Let p be a(5). Suppose -2*z + 10 = -0*z, -4*m = -2*z + p. Give u(m).
1
Let k(q) = q**3 + 49*q**2 + 91*q - 126. Let v be k(-47). Suppose -5*m = -3*d + v, 5*m + 31 = d + 6. Let c(p) = -p**3 - 6*p**2 + p + 8. Calculate c(m).
2
Let c(u) = u**3 + 4*u**2 - 3*u - 1. Let l(n) = -2*n**3 + 14*n**2 - 10*n + 66. Let y be l(7). Give c(y).
11
Let w = 415 - 383. Suppose -11*r - w = -98. Let a(i) = i**2 - 8*i + 12. Calculate a(r).
0
Let n(d) = -d**3 - d**2 - 3*d - 59. Let k = -20784 + 20784. Calculate n(k).
-59
Let b(a) = -a**3 - 10*a**2 + 13*a + 16. Let h be 2*(-7)/(7 - 14). Suppose -14 = h*s + 4*l, -2*s - 3*l - 2*l - 12 = 0. What is b(s)?
-6
Let c(m) = m**2 + 9*m - 12. Let k = -6669 + 6660. What is c(k)?
-12
Suppose 2*f + 13 = -l, -2*f - 4 = -f. Let d(z) = 2*z**2 + 3*z - 12. Calculate d(l).
23
Let d(m) = -m**3 + 6*m**2 - 5*m. Let f = -12667 + 12671. Give d(f).
12
Let g be (-4 - -69)*6/(-10). Let l be (0 + -2)/((g/(-12))/13). Let u(t) = 2*t. What is u(l)?
-16
Let s = -25 + 142. Suppose 4*g - 101 = -s. Let o(p) = p**3 + 5*p**2 + 2*p - 1. What is o(g)?
7
Let x(q) = -104*q**3 - 1 + 188*q**3 - 3*q**2 + 8*q - 85*q**3 - 1 - q**2. Calculate x(-4).
-34
Suppose 2*i - 4 = 178. Suppose 11*a + i = -19. Let n(g) = -g**3 - 11*g**2 - 11*g + 8. Determine n(a).
18
Let j(y) be the second derivative of 8*y**3/3 + 5*y**2 + 129*y. What is j(0)?
10
Let u = 206 - 244. Let h = 36 + u. Let z(r) = -4*r**2 + 1. What is z(h)?
-15
Suppose -5*g = 4 + 1. Let q(w) = -6*w**2 - 2*w - 1. Let u be q(g). Let z(p) be the first derivative of 3*p**2/2 + 2*p + 2485. Calculate z(u).
-13
Let y = -90 + 79. Let d be -4 + 5 - (y - 3). Let q(i) = -4*i + d*i - i - 9*i. Determine q(6).
6
Let w(o) = 4*o + 15. Let y be 2/(-6)*(10 + 3 + -13). Suppose y = -33*m - 59 - 106. Calculate w(m).
-5
Let z = 4305 + -4309. Let q(c) = -3*c**3 + 11*c**2 - 6*c - 12. Let u(y) = -2*y**3 + 6*y**2 - 3*y - 6. Let m = -13 + 8. Let k(w) = m*u(w) + 3*q(w). Give k(z).
-10
Let o(j) = -j**2 + 17*j - 19. Let h(s) = -s**2 - 133*s - 127. Let g be h(-132). Calculate o(g).
41
Let v = 29 + 0. Let m = v + -31. Let h(b) be the first derivative of b**3/3 + 2*b**2 + 65. Determine h(m).
-4
Let c be (4/10)/(210/200 + -1). Let d(k) = 5*k**3 - 8*k**2 - 7*k + 9. Let w(b) = -b**3 + b - 1. Let u(r) = -d(r) - 4*w(r). Calculate u(c).
19
Let f(q) be the third derivative of q**6/120 - 3*q**5/20 - 7*q**4/24 + 1527*q**2 - 1. Give f(9).
-63
Suppose 0 = 3*s - s - 12. Let z(a) = -4*a**2 - 6 - 5 + 7*a + 6 + 0. Let f(k) = 5*k**2 - 7*k + 5. Let t(h) = -3*f(h) - 4*z(h). Calculate t(s).
-1
Let n(i) = 82*i**2 + 12*i - 22. Let j(a) = 118*a**2 + 18*a - 33. Let o(m) = -9*j(m) + 13*n(m). Calculate o(0).
11
Let j(i) be the third derivative of -i**6/120 + 4*i**5/15 + i**4/24 - 11*i**3/6 - 38*i**2 + 4*i. Give j(16).
5
Let l(y) = 7 - 5 + y + y**2 - 10 + 4*y. Let i be l(-10). Let t(k) = 1 - i*k - 29*k + 61*k. Calculate t(-1).
11
Suppose 16 = -5*b + 26. Let p(g) = -2*g - 9*g**2 + 3*g + 4*g + g**3 + g**b. Let m be (2*-3)/(-2) + 4. Give p(m).
-14
Let j(b) = 12*b**2 + 17*b - 63. Let f(u) = 5*u**2 + 9*u - 32. Let w(v) = -5*f(v) + 2*j(v). Let q be w(-13). Let n(p) = -p + 16. Calculate n(q).
8
Let g = 43/820 + -1/410. Let h(k) be the second derivative of -1/6*k**3 + 9/2*k**2 + 0 + 7*k - 5/6*k**4 + g*k**5. Determine h(10).
-1
Let m = -2318 - -2307. Let w(t) = -6*t - 31. What is w(m)?
35
Let p(m) = 3*m**2 + 8*m - 8. Let o = 21 - 20. Let h be p(o). Let n(a) = -a + 1. Let u(t) = 5*t - 2. Let i(k) = 3*n(k) + u(k). What is i(h)?
7
Suppose -5518 = -7*b + 29412. Let u(q) = 7 - 2 + b*q - 4983*q. Calculate u(4).
33
Let l(x) = 30*x**2 + 11*x - 5. Let t be l(-1). Let i(w) = w**2 - 13*w - 11. Calculate i(t).
3
Suppose -198 = 8*r + r. Let q = -20 - r. Let y(o) = -35*o**3 + 6 - 2 + 34*o**3 - 2*o**q + 2*o. Determine y(-3).
7
Let w(s) = 5*s**2 - 2*s**2 + 8*s**2 - 4 - 2*s. Let l(p) = 31*p**2 - 6*p - 11. Let x(i) = 6*l(i) - 17*w(i). Let b be 6/9 + (-4)/(-3). Give x(b).
-6
Suppose 2*l + 30 = 7*l. Let h(x) be the first derivative of 46 - 1/2*x**2 + 7*x. Calculate h(l).
1
Let u = 241 - 246. Let i(a) = 9*a**2 + 11*a + 9. Let x(q) = -2*q**2 - q - 2. Let r(w) = u*x(w) - i(w). Give r(4).
-7
Let q be 82/5 + (-196)/490. Let g(n) = n**3 - 18*n**2 + 31*n + 2. Calculate g(q).
-14
Let v(x) = -x**3 + 13*x + 30702 - 61410 + 30708 + 11*x**2. Give v(12).
12
Let s(q) = 91*q - 825. Suppose 0 = -4*m - 31*v + 29*v + 28, -9*m + 4*v + 97 = 0. Determine s(m).
-6
Let k(g) = g**3 + 19*g**2 + 35*g + 19. Let l be k(-17). Suppose -6 = -d - l*d. Let w(h) = -4*h**d + h**3 - 41*h + 93*h - 3 - 50*h. What is w(3)?
-6
Let o(p) = -4*p - 3. Let w be 27*22/(-10) + (-12)/20. Let r = 100 + w. Suppose f - 6 = 5*k - 34, 5*f + r = 5*k. Determine o(f).
9
Let j(p) be the third derivative of -p**6/120 - 7*p**5/30 + 2*p**4/3 + 10*p**3/3 + 674*p**2 + 2*p + 1. Calculate j(-15).
5
Let p(w) = -15 + 3*w**2 - 3*w**2 - w + 8 + 3*w**2 - 4*w**2. Calculate p(-3).
-13
Let q(u) = -979*u - 388669. Let j be q(-397). Suppose -4*h + 8 + 1 = -5*x, 3 = -2*h - 5*x. Let a(g) = -2 + 8*g + 2 + g**2 - h. What is a(j)?
-13
Let y(c) = -c**3 + 23*c**2 - 53*c + 238. Let l be y(21). Let i(z) = -z**3 + 7*z**2 + 4*z - 36. What is i(l)?
-8
Let x(w) be the second derivative of -w**5/10 - w**4/3 - 2*w**3/3 - w**2 - 3*w. Suppose 2 = -4*n - 6. Calculate x(n).
6
Let y = 6518 + -6526. Let i(p) = -p**3 - 8*p**2 + 5*p - 14. What is i(y)?
-54
Let r(j) = -54*j + 11. Suppose -5*v = 5*y, -38*v + 33*v + 14 = -2*y. Determine r(v).
-97
Let v(u) = u**3 + 69*u**2 + 1136*u + 48. Let w be v(-27). Let x(g) = -4*g**3 - 7*g**2 - g + 3*g**3 - 4 - 5*g. Give x(w).
-4
Suppose 0 = 1213*u - 1207*u - 18. Let l(i) be the third derivative of 0*i**3 + 0*i - 1/20*i**5 + 1/120*i**6 - 1/12*i**4 + 0 + 3*i**2. What is l(u)?
-6
Let p(c) = -33*c. Let u be (-5)/((-101)/12 - -8). Suppose n = -4*l, -u*n + 10*n - 4 = 4*l. Determine p(l).
-33
Let m = -96 + 95. Let n be ((-35)/20)/(1/(-4)*m). Let u(h) = -h**3 - 8*h**2 - 4*h + 9. Calculate u(n).
-12
Let t(z) = z**3 - 8*z**2 - 7*z - 11. Let x = -3755 - -3764. Calculate t(x).
7
Let k(i) = 67*i**2 + 21*i - 61. Let h(a) = -45*a**2 - 22*a + 61. Let f(b) = 3*h(b) + 2*k(b). Determine f(-27).
-20
Let h(c) = 85 - 4 - 32 + 2*c - 29 - 22. Let t be (2 + 1)*(-6)/9. Let y = t + 8. Calculate h(y).
10
Let b(h) be the third derivative of -29/120*h**6 + 0*h**4 + 0*h + 0 + 1/6*h**3 + 24*h**2 + 0*h**5. Calculate b(-1).
30
Let x(p) = 9*p**2 - 22*p**2 - 9*p + 2 + 10*p**2 + 0*p. Let y(f) = 5*f**2 + 9*f - 2. Let o(c) = 3*x(c) + 2*y(c). Determine o(7).
-12
Let y(g) be the second derivative of 3*g**5/40 + g**4/24 - 37*g**3/3 - g**2/2 - 34*g. Let q(f) be the second derivative of y(f). Give q(-2).
-17
Suppose -30*b + 78 + 102 = 0. Let g(h) = -25*h + 145. What is g(b)?
-5
Let o(h) = -5*h - 74. Let f be o(-10). Let r be (-10)/25 - f/10. Let g(q) = -q**3 + 2*q - 8 + q**r + 3*q**2 + 10 - q. Calculate g(5).
-18
Let b(z) = 22*z**2 - 17*z + 101. Let v(c) = 5*c**2 - 4*c + 25. Let r(o) = 3*b(o) - 13*v(o). Calculate r(-6).
8
Let z(p) = -p - 1. Let h(l) be the first derivative of l**2 + 13*l + 1. Let w(o) = h(o) + 4*z(o). Let q = -13 - -19. Calculate w(q).
-3
Let p(o) = 3*o - 4*o**2 + 2*o - 3 + 6*o**2. Let l be 2/(-10) - (4 + 610/(-50)). Suppose 3*n - 8*n + w - 24 = 0, 0 = -3*n - 5*w + l. What is p(n)?
9
Let n(d) be the first derivative of d**5/60 + 13*d**4/24 + 7*d**3/6 + d**2 + 149*d + 108. Let u(a) be the second derivative of n(a). What is u(-13)?
7
Let a(k) = -k**2 - 7*k + 29. Let n be a(-12). Let t = 33 + n. Let l(r) = -1623*r - 2*r**2 + 1623*r. Give l(t).
-8
Let d(i) = i**2 + i - 2. Let r(n) = 9*n**2 - 30*n - 29. Let b be r(-1). Let a(l) = 2*l**3 - 21*l**2 + 6*l + 36. Let f be a(b). What is d(f)?
10
Suppose 0 = -u - 0*u - 4*p + 22, 3*u = -5*p + 31. Suppose -5*c = -0*o + 3*o + 18, -u = -o + c. Let h(s) be the first derivative of s**3 - s + 4. Determine h(o).
2
Let d(t) = t**3 - 5*t**2 - 8*t + 6. Suppose 187*w = 178*w. Suppose w = 17*g - 5*g - 60. Determine d(g).
-34
Let p(y) = 6*y + 10. Let g be (195/26 - 8)/((-3)/30). What is p(g)